emainder when a is divided by 9.
5
Suppose 4*q = 2*t - 320, -3*q = 2*t - 182 - 138. What is the remainder when t is divided by 3?
1
Let l(o) = -2*o. Let j(n) = 134*n**2 - 7*n - 7. Let b be j(-1). Let u = -107 + b. What is the remainder when u is divided by l(-5)?
7
Let n(d) = -7*d + 4. Let k = 13 - -8. Let x be k/(-35) + 2/(-5). Calculate the remainder when 21 is divided by n(x).
10
Suppose -4*v - 33 - 23 = 0. Calculate the remainder when (-2251)/(-7) - (-3 + (-50)/v) is divided by 36.
33
Let y(k) be the first derivative of -k**2/2 + 16*k + 24. Calculate the remainder when 102 is divided by y(-5).
18
Suppose 5*d - 41 = -3*h, 2*h + 103 = -4*d + 131. Let u(p) = -5*p + 66. Let n = 10 + 10. Calculate the remainder when n is divided by u(h).
2
Let h(j) = -j - 10. Let z be h(-22). Suppose -b - b - 4*g - 4 = 0, 5*g + z = b. Suppose 3*t + b*t = 90. What is the remainder when 50 is divided by t?
14
Let y be 4 - (-2 + 0)/((-54)/(-1485)). Suppose 0 = l - y - 352. Calculate the remainder when l is divided by 18.
15
Let p(j) = -7*j + 122. Suppose -9*l + 12*l - 2*u = 38, -4*l = 5*u - 43. Calculate the remainder when p(l) is divided by 13.
12
What is the remainder when 11897 is divided by 259 + -28*66/88?
235
Let w = -31 + 57. What is the remainder when (76/(-48) - (-6)/(-36)) + (-1245)/(-12) is divided by w?
24
Suppose -3*h + u + 3*u - 4 = 0, 2*h + 4 = 4*u. Let g(f) = f**3 - f**2 + f + 17. Suppose 65*w = 21*w + 2860. What is the remainder when w is divided by g(h)?
14
Let k be -210*12*(-7)/(-28). Let v = k + 656. What is the remainder when (4/(-2))/(4/(-148)) is divided by v?
22
Let m(r) = 18*r**2 - 9*r - 9. Calculate the remainder when m(-3) is divided by 23.
19
Suppose 73 = 4*f - 471. Suppose -20*x + 54 = j - 18*x, 4*j + 4*x = 200. Calculate the remainder when f is divided by j.
44
Let d be ((-6)/(-4))/(2/(-4))*-19. Suppose -7*b + 62 = -d. What is the remainder when 132 is divided by b?
13
What is the remainder when (-1 + 1 + -10)/(41/(-7216)) is divided by 126?
122
Let h = -5781 + 5807. What is the remainder when 444 is divided by h?
2
Let g = 407 + -280. Let m = -2688 - -2753. Calculate the remainder when g is divided by m.
62
Suppose 29 = 5*x + 2*b, 25 = -5*x - 3*b + 61. Suppose -5*i = f - 44 + 5, 0 = -4*f + 3*i + 156. Calculate the remainder when f is divided by x.
0
Suppose -7 = -m + 4*t - 8*t, 4*t + 2 = 2*m. Suppose -2*o = -4*i + 5*i - 15, 0 = 3*o + m*i - 24. What is the remainder when 12 is divided by o?
5
Let g = 31 + -27. Suppose 2*b = -g*u + 58, 3*b = 7*b + u - 109. Suppose 14 = 5*h - 6*m + 2*m, 3*h - 6 = 3*m. Calculate the remainder when b is divided by h.
3
Suppose 22*d + 4 + 18 = 0. Let r(g) = -36*g**3 - 3*g**2 - g - 2. What is the remainder when 95 is divided by r(d)?
31
Suppose 23*h - 14*h = 18. Calculate the remainder when ((12*22)/h)/((-21)/(-28)) is divided by 20.
16
Suppose -5*m + 5*s - 22 = 13, 5*m + 23 = -s. What is the remainder when 101 + (m - (-8)/(-8)) is divided by 24?
23
Let b = 21619 + -21291. What is the remainder when b is divided by 53?
10
Let o(l) = -l**3 + 14*l**2 + 17*l - 15. Let u = 10 - -5. What is the remainder when 21 is divided by o(u)?
6
Let x(k) = -k**2 + 266*k - 14424. Calculate the remainder when (-1 - (-4)/6)*-213 is divided by x(76).
7
Let h = -28 - -150. Suppose -q = -0*q + 5*a - h, 0 = 5*q - 4*a - 581. Let x = -12567 + 12597. Calculate the remainder when q is divided by x.
27
Suppose 2*p = 5*f + 20, 0 = 5*p - 4*f + 7 - 23. Suppose -7*t - 4872 = -p*t. What is the remainder when t/(-40) - 4/10 is divided by 6?
5
Suppose -2*g = 5*d - 5, 1 = g + 3*d - 2*d. Suppose g = 17*v - v - 112. What is the remainder when (-1)/1 - -1*13 is divided by v?
5
Suppose 5*w - 49 = -x + w, -2*x + 68 = -2*w. Let m(y) = -y**2 - 163*y + 10147. What is the remainder when x is divided by m(48)?
18
Let h(x) = x**2 + 31*x + 340. Suppose -4*b + 4*c = -120, -5*b - 154 = -10*b + 3*c. Calculate the remainder when h(-19) is divided by b.
16
Suppose 4*t - 7341 = -105*c + 108*c, 9184 = 5*t + 4*c. What is the remainder when t is divided by 1819?
17
Calculate the remainder when 141 is divided by (-810)/(-27) + (22 - 7).
6
Let q = 7602 - 7578. What is the remainder when 1570 is divided by q?
10
Let x = 227 + -227. Suppose 6*j + 6 = 4*j - 4*c, j + c - 1 = x. Calculate the remainder when 23 is divided by j.
3
Suppose u + 55*w = 56*w + 12, 5*u + w - 84 = 0. Suppose y + 4*y - 515 = 0. Calculate the remainder when y is divided by u.
7
What is the remainder when 1877 is divided by (9/(-15) + -1)/(252/(-630))?
1
Suppose 2*n - g = n + 3048, -5*n - 3*g + 15232 = 0. What is the remainder when n is divided by 122?
119
Let d = 6 - 3. Let g(w) = 3*w + 73. What is the remainder when g(-19) is divided by d?
1
Let y(r) = -r**2 + 8*r - 15. Let u be y(5). Suppose u = 9*b - 522 - 477. Let q(h) = 2*h**2 + 5*h - 4. What is the remainder when b is divided by q(3)?
24
Let z(v) = -6*v + 2*v**2 + 205*v**3 - 408*v**3 - 3 + 201*v**3. Calculate the remainder when z(-3) is divided by 18.
15
Let d = -12101 + 12164. What is the remainder when 1394 is divided by d?
8
Let t be 4/22 + 4995/297. Suppose -13*l + t = -139. Calculate the remainder when l is divided by 3.
0
Suppose -3*h + 93 = -3*l, 26 = -3*h + 4*l + 124. What is the remainder when (970/15)/((-4)/(-6)) - -4 is divided by h?
23
Let t be (5/3)/(165/(-198)). What is the remainder when 193 is divided by (35/t)/(305/(-244))?
11
Let d(w) = -w**3 + 8*w**2 - 9*w + 6. Let g be d(8). Suppose 6*h + 109 = 709. What is the remainder when h is divided by 12/g - 233/(-11)?
16
Suppose 0 = 2*u - 5*f - 239, 34 + 208 = 2*u - 2*f. What is the remainder when u is divided by 31?
29
Let b(u) = -u**3 + 27*u**2 - 2*u + 57. Suppose 45*j - 34 = 1181. Suppose -13 = -5*g - 5*r + 2, 3*g + 1 = 2*r. Calculate the remainder when b(j) is divided by g.
0
Let p(c) = 12*c + 14. Suppose -5*d + 5*l + 445 = -0*d, 5*l - 107 = -d. What is the remainder when d is divided by p(0)?
8
Let o = 168 - 124. Suppose 0 = -3*s + 15, -2*l + 1 = -4*s + 29. Calculate the remainder when o is divided by ((-1)/l)/((-12)/(-1104)).
21
Let h(l) = -l**3 + 14*l**2 - 11*l + 9. Let g = -88 + 101. Calculate the remainder when h(g) is divided by (-156)/(-65)*(-30)/(-4).
17
Let a(i) = -56*i**3 - 18*i + 17. Let y be a(1). Let j = 269 + y. What is the remainder when j is divided by 72?
68
Suppose 5*u = 5, 4*y + 5*u - 88 = -3. What is the remainder when 8*y - 50/(-10) is divided by 31?
10
Let a = 207 + -84. Suppose 136*y - 140*y - 26 = -2, -4*f = -4*y - 128. What is the remainder when a is divided by f?
19
Let u(x) = -2*x - 17*x**2 - 9 + 4 - 5 + 3*x**3 + 0. What is the remainder when u(6) is divided by 14?
0
Suppose -3497 = -161*n + 148*n. Suppose 0 = 9*r + 4*r - 104. Calculate the remainder when n is divided by r.
5
Suppose 5*h = 4*r - 289, -9*r + 338 = -5*r + 2*h. Calculate the remainder when 8746 is divided by r.
79
Let n(s) = 6001*s**3 + 121*s - 123. Calculate the remainder when n(1) is divided by 38.
33
Let u(r) = 6*r**2 + 5*r + 3. Let w be u(-2). Suppose 3390 = w*y - 4549. Calculate the remainder when y is divided by 52.
51
Suppose -4*n = 3*h - 2, 13*n - 4 = -h + 15*n. Calculate the remainder when 1399 is divided by h.
1
Let r(f) = f**3 + 26*f**2 + 53*f + 34. What is the remainder when r(-4) is divided by ((-8)/6)/(7/(-84))?
14
Suppose 1760 = 3*x - k, 0 = -1371*x + 1370*x - 4*k + 591. Calculate the remainder when x is divided by 85.
77
What is the remainder when 270 is divided by (-38)/(-4)*(28 + -24)?
4
Let c be 9/(-36) - 215/4. Suppose 0 = 3*m - v + 80, 0 = -3*m - 2*v + 11 - 103. Let z = m - c. What is the remainder when 50 is divided by z?
24
Suppose -22 = -5*h + j + 39, -2*j - 2 = 0. Let w be 2/7 - ((25992/(-14))/12 + -6). Suppose 0 = -h*x + 559 + w. Calculate the remainder when x is divided by 9.
6
Suppose -p + 6 + 0 = 0. Suppose -2*k = -p, q - k - 44 = k. Let c(r) = -2*r**3 - 17*r**2 - 52*r + 10. Calculate the remainder when c(-5) is divided by q.
45
Let g = -8038 + 8086. What is the remainder when g is divided by 6?
0
Suppose -3*f = -2*h + 10, -12*h - 2*f = -15*h + 15. Suppose -3*j - 3 + 107 = 5*p, -9 = -3*j. What is the remainder when p is divided by h/(105/234) + 11/(-77)?
8
Suppose 3*f - 127 + 10 = 0. Suppose 4*c - c = f. Suppose -5*q = 0, -4*q + 9*q + 255 = 5*n. What is